{"id":84,"date":"2022-05-19T12:58:07","date_gmt":"2022-05-19T12:58:07","guid":{"rendered":"https:\/\/aldear.000webhostapp.com\/?page_id=84"},"modified":"2022-09-09T06:59:14","modified_gmt":"2022-09-09T06:59:14","slug":"fundacion-uxio","status":"publish","type":"page","link":"https:\/\/aldear.me\/?page_id=84","title":{"rendered":"Fundaci\u00f3n Uxio Novoneyra"},"content":{"rendered":"\r\n<p>A Fundaci\u00f3n custodia o legado dos poetas Ux\u00edo Novoneyra, Mar\u00eda Mari\u00f1o e Carlos Oroza.<br \/><a href=\"https:\/\/uxionovoneyra.com\">https:\/\/uxionovoneyra.com<\/a><\/p>\r\n<p>&nbsp;<\/p>\r\n<p><img decoding=\"async\" src=\"https:\/\/teh.net\/wp-content\/uploads\/2021\/04\/uxio-novoneyra-house-museum2.jpg\" alt=\"Fundaci\u00f3n Ux\u00edo Novoneyra | Trans Europe Halles\" \/><\/p>\r\n","protected":false},"excerpt":{"rendered":"<p>A Fundaci\u00f3n custodia o legado dos poetas Ux\u00edo Novoneyra, Mar\u00eda Mari\u00f1o e Carlos Oroza.https:\/\/uxionovoneyra.com &nbsp;<\/p>\n","protected":false},"author":1,"featured_media":0,"parent":0,"menu_order":0,"comment_status":"closed","ping_status":"closed","template":"","meta":{"_monsterinsights_skip_tracking":false,"_monsterinsights_sitenote_active":false,"_monsterinsights_sitenote_note":"","_monsterinsights_sitenote_category":0,"footnotes":""},"class_list":["post-84","page","type-page","status-publish","hentry"],"_links":{"self":[{"href":"https:\/\/aldear.me\/index.php?rest_route=\/wp\/v2\/pages\/84","targetHints":{"allow":["GET"]}}],"collection":[{"href":"https:\/\/aldear.me\/index.php?rest_route=\/wp\/v2\/pages"}],"about":[{"href":"https:\/\/aldear.me\/index.php?rest_route=\/wp\/v2\/types\/page"}],"author":[{"embeddable":true,"href":"https:\/\/aldear.me\/index.php?rest_route=\/wp\/v2\/users\/1"}],"replies":[{"embeddable":true,"href":"https:\/\/aldear.me\/index.php?rest_route=%2Fwp%2Fv2%2Fcomments&post=84"}],"version-history":[{"count":3,"href":"https:\/\/aldear.me\/index.php?rest_route=\/wp\/v2\/pages\/84\/revisions"}],"predecessor-version":[{"id":264,"href":"https:\/\/aldear.me\/index.php?rest_route=\/wp\/v2\/pages\/84\/revisions\/264"}],"wp:attachment":[{"href":"https:\/\/aldear.me\/index.php?rest_route=%2Fwp%2Fv2%2Fmedia&parent=84"}],"curies":[{"name":"wp","href":"https:\/\/api.w.org\/{rel}","templated":true}]}}

Fundación Uxio Novoneyra

<p>A Fundación custodia o legado dos poetas Uxío Novoneyra, María Mariño e Carlos Oroza.<br /><a href="https://uxionovoneyra.com">https://uxionovoneyra.com</a></p>
<p>&nbsp;</p>
<p><img decoding="async" src="https://teh.net/wp-content/uploads/2021/04/uxio-novoneyra-house-museum2.jpg" alt="Fundación Uxío Novoneyra | Trans Europe Halles" /></p>

<p>A Fundación custodia o legado dos poetas Uxío Novoneyra, María Mariño e Carlos Oroza.https://uxionovoneyra.com &nbsp;</p>
