{"id":34,"date":"2022-05-19T11:30:39","date_gmt":"2022-05-19T11:30:39","guid":{"rendered":"https:\/\/aldear.000webhostapp.com\/?page_id=34"},"modified":"2023-03-09T15:11:38","modified_gmt":"2023-03-09T15:11:38","slug":"quien-somos","status":"publish","type":"page","link":"https:\/\/aldear.me\/","title":{"rendered":"Quen somos?"},"content":{"rendered":"\r\n<p>A Rede Aldear \u00e9 unha asociaci\u00f3n de asociaci\u00f3ns sen \u00e1nimo de lucro de Lugo e Ourense que ten por obxectivo principal promover e integrar cultura nas aldeas. O noso obxectivo \u00e9 crear unha rede de espazos culturais ubicados en entornos rurais, paliar as\u00ed un d\u00e9ficit de programaci\u00f3n cultural e formativa nestas provincias, visibilizar o traballo cultural e de desenvolvemento rural que estamos a levar a cabo multitude de asociaci\u00f3ns e persoas do eixo oriental de Galicia, o m\u00e1is afectado polos graves problemas de despoboamento.<\/p>\r\n\r\n\r\n\r\n<div class=\"wp-block-image\">\r\n<figure class=\"aligncenter size-large is-resized\"><img loading=\"lazy\" decoding=\"async\" class=\" wp-image-334 aligncenter\" src=\"http:\/\/aldear.me\/wp-content\/uploads\/2023\/03\/mapa_aldear-1-224x300.jpg\" alt=\"\" width=\"259\" height=\"347\" srcset=\"https:\/\/aldear.me\/wp-content\/uploads\/2023\/03\/mapa_aldear-1-224x300.jpg 224w, https:\/\/aldear.me\/wp-content\/uploads\/2023\/03\/mapa_aldear-1-765x1024.jpg 765w, https:\/\/aldear.me\/wp-content\/uploads\/2023\/03\/mapa_aldear-1-768x1028.jpg 768w, https:\/\/aldear.me\/wp-content\/uploads\/2023\/03\/mapa_aldear-1-1147x1536.jpg 1147w, https:\/\/aldear.me\/wp-content\/uploads\/2023\/03\/mapa_aldear-1-300x402.jpg 300w, https:\/\/aldear.me\/wp-content\/uploads\/2023\/03\/mapa_aldear-1-850x1138.jpg 850w, https:\/\/aldear.me\/wp-content\/uploads\/2023\/03\/mapa_aldear-1.jpg 1399w\" sizes=\"auto, (max-width: 259px) 100vw, 259px\" \/><\/figure>\r\n<\/div>\r\n\r\n\r\n","protected":false},"excerpt":{"rendered":"<p>A Rede Aldear \u00e9 unha asociaci\u00f3n de asociaci\u00f3ns sen \u00e1nimo de lucro de Lugo e Ourense que ten por obxectivo principal promover e integrar cultura nas aldeas. O noso obxectivo \u00e9 crear unha rede de espazos culturais ubicados en entornos rurais, paliar as\u00ed un d\u00e9ficit de programaci\u00f3n cultural e formativa nestas provincias, visibilizar o traballo&#8230;<\/p>\n","protected":false},"author":1,"featured_media":0,"parent":0,"menu_order":0,"comment_status":"closed","ping_status":"closed","template":"","meta":{"_monsterinsights_skip_tracking":false,"_monsterinsights_sitenote_active":false,"_monsterinsights_sitenote_note":"","_monsterinsights_sitenote_category":0,"footnotes":""},"class_list":["post-34","page","type-page","status-publish","hentry"],"_links":{"self":[{"href":"https:\/\/aldear.me\/index.php?rest_route=\/wp\/v2\/pages\/34","targetHints":{"allow":["GET"]}}],"collection":[{"href":"https:\/\/aldear.me\/index.php?rest_route=\/wp\/v2\/pages"}],"about":[{"href":"https:\/\/aldear.me\/index.php?rest_route=\/wp\/v2\/types\/page"}],"author":[{"embeddable":true,"href":"https:\/\/aldear.me\/index.php?rest_route=\/wp\/v2\/users\/1"}],"replies":[{"embeddable":true,"href":"https:\/\/aldear.me\/index.php?rest_route=%2Fwp%2Fv2%2Fcomments&post=34"}],"version-history":[{"count":14,"href":"https:\/\/aldear.me\/index.php?rest_route=\/wp\/v2\/pages\/34\/revisions"}],"predecessor-version":[{"id":335,"href":"https:\/\/aldear.me\/index.php?rest_route=\/wp\/v2\/pages\/34\/revisions\/335"}],"wp:attachment":[{"href":"https:\/\/aldear.me\/index.php?rest_route=%2Fwp%2Fv2%2Fmedia&parent=34"}],"curies":[{"name":"wp","href":"https:\/\/api.w.org\/{rel}","templated":true}]}}